{"id":73,"date":"2021-09-01T19:48:16","date_gmt":"2021-09-01T19:48:16","guid":{"rendered":"http:\/\/hotelmesadelossantos.com.co\/sitioweb\/?page_id=73"},"modified":"2024-02-10T16:30:37","modified_gmt":"2024-02-10T16:30:37","slug":"nosotros","status":"publish","type":"page","link":"https:\/\/hotelmesadelossantos.com.co\/sitioweb\/index.php\/nosotros\/","title":{"rendered":"NOSOTROS"},"content":{"rendered":"\t\t<div data-elementor-type=\"wp-page\" data-elementor-id=\"73\" class=\"elementor elementor-73\">\n\t\t\t\t\t\t\t\t\t<section class=\"elementor-section elementor-top-section elementor-element elementor-element-a852a27 elementor-section-full_width elementor-section-stretched elementor-section-height-default elementor-section-height-default\" data-id=\"a852a27\" data-element_type=\"section\" data-settings=\"{&quot;stretch_section&quot;:&quot;section-stretched&quot;,&quot;background_background&quot;:&quot;classic&quot;}\">\n\t\t\t\t\t\t<div class=\"elementor-container elementor-column-gap-default\">\n\t\t\t\t\t<div class=\"elementor-column elementor-col-100 elementor-top-column elementor-element elementor-element-8294997\" data-id=\"8294997\" data-element_type=\"column\">\n\t\t\t<div class=\"elementor-widget-wrap elementor-element-populated\">\n\t\t\t\t\t\t\t\t<div class=\"elementor-element elementor-element-448e0ed elementor-widget elementor-widget-spacer\" data-id=\"448e0ed\" data-element_type=\"widget\" data-widget_type=\"spacer.default\">\n\t\t\t\t<div class=\"elementor-widget-container\">\n\t\t\t<style>\/*! elementor - v3.6.0 - 21-03-2022 *\/\n.e-container.e-container--row .elementor-spacer-inner{width:var(--spacer-size)}.e-container.e-container--column .elementor-spacer-inner,.elementor-column .elementor-spacer-inner{height:var(--spacer-size)}<\/style>\t\t<div class=\"elementor-spacer\">\n\t\t\t<div class=\"elementor-spacer-inner\"><\/div>\n\t\t<\/div>\n\t\t\t\t<\/div>\n\t\t\t\t<\/div>\n\t\t\t\t\t<\/div>\n\t\t<\/div>\n\t\t\t\t\t\t\t<\/div>\n\t\t<\/section>\n\t\t\t\t<section class=\"elementor-section elementor-top-section elementor-element elementor-element-e3fdb12 elementor-section-full_width elementor-section-height-default elementor-section-height-default\" data-id=\"e3fdb12\" data-element_type=\"section\">\n\t\t\t\t\t\t<div class=\"elementor-container elementor-column-gap-default\">\n\t\t\t\t\t<div class=\"elementor-column elementor-col-100 elementor-top-column elementor-element elementor-element-1aae083\" data-id=\"1aae083\" data-element_type=\"column\">\n\t\t\t<div class=\"elementor-widget-wrap elementor-element-populated\">\n\t\t\t\t\t\t\t\t<div class=\"elementor-element elementor-element-34a875d elementor-widget elementor-widget-heading\" data-id=\"34a875d\" data-element_type=\"widget\" data-widget_type=\"heading.default\">\n\t\t\t\t<div class=\"elementor-widget-container\">\n\t\t\t<style>\/*! elementor - v3.6.0 - 21-03-2022 *\/\n.elementor-heading-title{padding:0;margin:0;line-height:1}.elementor-widget-heading .elementor-heading-title[class*=elementor-size-]>a{color:inherit;font-size:inherit;line-height:inherit}.elementor-widget-heading .elementor-heading-title.elementor-size-small{font-size:15px}.elementor-widget-heading .elementor-heading-title.elementor-size-medium{font-size:19px}.elementor-widget-heading .elementor-heading-title.elementor-size-large{font-size:29px}.elementor-widget-heading .elementor-heading-title.elementor-size-xl{font-size:39px}.elementor-widget-heading .elementor-heading-title.elementor-size-xxl{font-size:59px}<\/style><h1 class=\"elementor-heading-title elementor-size-xl\">Bienvenidos al Hotel Mesa de los Santos<\/h1>\t\t<\/div>\n\t\t\t\t<\/div>\n\t\t\t\t<div class=\"elementor-element elementor-element-5cb4a2b elementor-widget__width-inherit elementor-widget elementor-widget-text-editor\" data-id=\"5cb4a2b\" data-element_type=\"widget\" data-widget_type=\"text-editor.default\">\n\t\t\t\t<div class=\"elementor-widget-container\">\n\t\t\t<style>\/*! elementor - v3.6.0 - 21-03-2022 *\/\n.elementor-widget-text-editor.elementor-drop-cap-view-stacked .elementor-drop-cap{background-color:#818a91;color:#fff}.elementor-widget-text-editor.elementor-drop-cap-view-framed .elementor-drop-cap{color:#818a91;border:3px solid;background-color:transparent}.elementor-widget-text-editor:not(.elementor-drop-cap-view-default) .elementor-drop-cap{margin-top:8px}.elementor-widget-text-editor:not(.elementor-drop-cap-view-default) .elementor-drop-cap-letter{width:1em;height:1em}.elementor-widget-text-editor .elementor-drop-cap{float:left;text-align:center;line-height:1;font-size:50px}.elementor-widget-text-editor .elementor-drop-cap-letter{display:inline-block}<\/style>\t\t\t\t<p>Un hotel campestre donde la naturaleza, la tranquilidad y el descanso son el mejor aliado para proporcionar a nuestros hu\u00e9spedes una experiencia inolvidable. Ubicados a 400 metros delante del peaje de la Mesa de los Santos.<\/p><p>Somos un equipo comprometido en ofrecer no solo un lugar para quedarse, sino un refugio para recargar energ\u00edas y un punto de referencia ecotur\u00edstica para explorar las maravillas que Santander tiene para ofrecer.<\/p><p>Nuestras acogedoras caba\u00f1as no solo ofrecen confort, sino tambi\u00e9n la libertad de explorar la naturaleza que nos rodea. Desde senderos, hasta \u00e1reas de juegos para los m\u00e1s peque\u00f1os, creamos un espacio donde cada miembro de la familia encuentra su propio rinc\u00f3n de felicidad.<\/p><p>Somos el destino donde cada detalle refleja nuestro compromiso con la excelencia.<\/p>\t\t\t\t\t\t<\/div>\n\t\t\t\t<\/div>\n\t\t\t\t\t<\/div>\n\t\t<\/div>\n\t\t\t\t\t\t\t<\/div>\n\t\t<\/section>\n\t\t\t\t<section class=\"elementor-section elementor-top-section elementor-element elementor-element-522433f elementor-section-full_width elementor-section-height-default elementor-section-height-default\" data-id=\"522433f\" data-element_type=\"section\">\n\t\t\t\t\t\t<div class=\"elementor-container elementor-column-gap-default\">\n\t\t\t\t\t<div class=\"elementor-column elementor-col-50 elementor-top-column elementor-element elementor-element-58156e3\" data-id=\"58156e3\" data-element_type=\"column\">\n\t\t\t<div class=\"elementor-widget-wrap elementor-element-populated\">\n\t\t\t\t\t\t\t\t<div class=\"elementor-element elementor-element-68b7ef4 elementor-widget elementor-widget-heading\" data-id=\"68b7ef4\" data-element_type=\"widget\" data-widget_type=\"heading.default\">\n\t\t\t\t<div class=\"elementor-widget-container\">\n\t\t\t<h1 class=\"elementor-heading-title elementor-size-xl\">Pol\u00edtica de Sostenibilidad<\/h1>\t\t<\/div>\n\t\t\t\t<\/div>\n\t\t\t\t<div class=\"elementor-element elementor-element-0214425 elementor-widget elementor-widget-text-editor\" data-id=\"0214425\" data-element_type=\"widget\" data-widget_type=\"text-editor.default\">\n\t\t\t\t<div class=\"elementor-widget-container\">\n\t\t\t\t\t\t\t<p>El Hotel mesa de los santos es un hotel campestre donde la naturaleza, la tranquilidad y el descanso son el mejor aliado que proporcionan a los hu\u00e9spedes una experiencia inolvidable.<\/p><p>Nuestro compromiso es controlar y utilizar responsablemente los recursos naturales necesarios para el buen funcionamiento del hotel, minimizando los posibles impactos negativos al medio ambiente.<\/p><p>Promovemos el turismo de la regi\u00f3n ofreciendo el hotel como punto de referencia ecotur\u00edstica.<\/p>\t\t\t\t\t\t<\/div>\n\t\t\t\t<\/div>\n\t\t\t\t\t<\/div>\n\t\t<\/div>\n\t\t\t\t<div class=\"elementor-column elementor-col-50 elementor-top-column elementor-element elementor-element-1068f03\" data-id=\"1068f03\" data-element_type=\"column\" data-settings=\"{&quot;background_background&quot;:&quot;classic&quot;}\">\n\t\t\t<div class=\"elementor-widget-wrap elementor-element-populated\">\n\t\t\t\t\t\t\t\t<div class=\"elementor-element elementor-element-c71fa21 premium-floating-effects-yes e-transform elementor-invisible elementor-widget elementor-widget-image\" data-id=\"c71fa21\" data-element_type=\"widget\" data-settings=\"{&quot;_animation&quot;:&quot;fadeIn&quot;,&quot;premium_fe_direction&quot;:&quot;alternate&quot;,&quot;premium_fe_loop&quot;:&quot;default&quot;,&quot;premium_fe_easing&quot;:&quot;easeInOutSine&quot;,&quot;_transform_scale_effect&quot;:{&quot;unit&quot;:&quot;px&quot;,&quot;size&quot;:&quot;&quot;,&quot;sizes&quot;:[]},&quot;_transform_scale_effect_tablet&quot;:{&quot;unit&quot;:&quot;px&quot;,&quot;size&quot;:&quot;&quot;,&quot;sizes&quot;:[]},&quot;_transform_scale_effect_mobile&quot;:{&quot;unit&quot;:&quot;px&quot;,&quot;size&quot;:&quot;&quot;,&quot;sizes&quot;:[]}}\" data-widget_type=\"image.default\">\n\t\t\t\t<div class=\"elementor-widget-container\">\n\t\t\t<style>\/*! elementor - v3.6.0 - 21-03-2022 *\/\n.elementor-widget-image{text-align:center}.elementor-widget-image a{display:inline-block}.elementor-widget-image a img[src$=\".svg\"]{width:48px}.elementor-widget-image img{vertical-align:middle;display:inline-block}<\/style>\t\t\t\t\t\t\t\t\t\t\t\t<img src=\"https:\/\/hotelmesadelossantos.com.co\/sitioweb\/wp-content\/uploads\/2024\/01\/gente.png\" title=\"gente\" alt=\"gente\" \/>\t\t\t\t\t\t\t\t\t\t\t\t\t\t\t<\/div>\n\t\t\t\t<\/div>\n\t\t\t\t\t<\/div>\n\t\t<\/div>\n\t\t\t\t\t\t\t<\/div>\n\t\t<\/section>\n\t\t\t\t\t\t\t<\/div>\n\t\t","protected":false},"excerpt":{"rendered":"<p>Bienvenidos al Hotel Mesa de los Santos Un hotel campestre donde la naturaleza, la tranquilidad y el descanso son el mejor aliado para proporcionar a nuestros hu\u00e9spedes una experiencia inolvidable. Ubicados a 400 metros delante del peaje de la Mesa de los Santos. Somos un equipo comprometido en ofrecer no solo un lugar para quedarse, <a class=\"read-more\" href=\"https:\/\/hotelmesadelossantos.com.co\/sitioweb\/index.php\/nosotros\/\">READ MORE<\/a><\/p>\n","protected":false},"author":1,"featured_media":0,"parent":0,"menu_order":0,"comment_status":"closed","ping_status":"closed","template":"template-full-width-no-bottom-margin.php","meta":{"_eb_attr":"","om_disable_all_campaigns":false},"_links":{"self":[{"href":"https:\/\/hotelmesadelossantos.com.co\/sitioweb\/index.php\/wp-json\/wp\/v2\/pages\/73"}],"collection":[{"href":"https:\/\/hotelmesadelossantos.com.co\/sitioweb\/index.php\/wp-json\/wp\/v2\/pages"}],"about":[{"href":"https:\/\/hotelmesadelossantos.com.co\/sitioweb\/index.php\/wp-json\/wp\/v2\/types\/page"}],"author":[{"embeddable":true,"href":"https:\/\/hotelmesadelossantos.com.co\/sitioweb\/index.php\/wp-json\/wp\/v2\/users\/1"}],"replies":[{"embeddable":true,"href":"https:\/\/hotelmesadelossantos.com.co\/sitioweb\/index.php\/wp-json\/wp\/v2\/comments?post=73"}],"version-history":[{"count":94,"href":"https:\/\/hotelmesadelossantos.com.co\/sitioweb\/index.php\/wp-json\/wp\/v2\/pages\/73\/revisions"}],"predecessor-version":[{"id":1204,"href":"https:\/\/hotelmesadelossantos.com.co\/sitioweb\/index.php\/wp-json\/wp\/v2\/pages\/73\/revisions\/1204"}],"wp:attachment":[{"href":"https:\/\/hotelmesadelossantos.com.co\/sitioweb\/index.php\/wp-json\/wp\/v2\/media?parent=73"}],"curies":[{"name":"wp","href":"https:\/\/api.w.org\/{rel}","templated":true}]}}